{"id":40,"date":"2025-11-08T05:32:29","date_gmt":"2025-11-08T05:32:29","guid":{"rendered":"https:\/\/elbservicios.com.bo\/index.php\/about-us\/"},"modified":"2025-11-08T23:34:57","modified_gmt":"2025-11-08T23:34:57","slug":"about-us","status":"publish","type":"page","link":"https:\/\/elbservicios.com.bo\/index.php\/about-us\/","title":{"rendered":"About Us"},"content":{"rendered":"\t\t<div data-elementor-type=\"wp-page\" data-elementor-id=\"40\" class=\"elementor elementor-40\">\n\t\t\t\t<div class=\"elementor-element elementor-element-19ef1803 e-con-full e-flex e-con e-parent\" data-id=\"19ef1803\" data-element_type=\"container\" data-e-type=\"container\">\n\t\t<div class=\"elementor-element elementor-element-1324e3b6 e-con-full e-flex e-con e-child\" data-id=\"1324e3b6\" data-element_type=\"container\" data-e-type=\"container\">\n\t\t<div class=\"elementor-element elementor-element-1cadb05f e-con-full e-flex e-con e-child\" data-id=\"1cadb05f\" data-element_type=\"container\" data-e-type=\"container\">\n\t\t\t\t<div class=\"elementor-element elementor-element-30fbb45e elementor-widget elementor-widget-heading\" data-id=\"30fbb45e\" data-element_type=\"widget\" data-e-type=\"widget\" data-widget_type=\"heading.default\">\n\t\t\t\t\t<h1 class=\"elementor-heading-title elementor-size-default\">En <strong data-start=\"471\" data-end=\"488\">ELB Servicios<\/strong> brindamos soluciones integrales para hogares, empresas e industrias en Bolivia.\n<\/h1>\t\t\t\t<\/div>\n\t\t\t\t<div class=\"elementor-element elementor-element-1a58cb49 elementor-widget__width-initial elementor-invisible elementor-widget elementor-widget-text-editor\" data-id=\"1a58cb49\" data-element_type=\"widget\" data-e-type=\"widget\" data-settings=\"{&quot;_animation&quot;:&quot;fadeInDown&quot;}\" data-widget_type=\"text-editor.default\">\n\t\t\t\t\t\t\t\t\t<p>Desde instalaciones de gas y aire acondicionado, hasta redes de datos, seguridad electr\u00f3nica, climatizaci\u00f3n y capacitaci\u00f3n profesional, nuestro objetivo es ofrecer calidad, seguridad y eficiencia en cada proyecto.<\/p>\t\t\t\t\t\t\t\t<\/div>\n\t\t\t\t<\/div>\n\t\t\t\t<div class=\"elementor-element elementor-element-1ceac7c0 elementor-invisible elementor-widget elementor-widget-heading\" data-id=\"1ceac7c0\" data-element_type=\"widget\" data-e-type=\"widget\" data-settings=\"{&quot;_animation&quot;:&quot;fadeInUp&quot;}\" data-widget_type=\"heading.default\">\n\t\t\t\t\t<span class=\"elementor-heading-title elementor-size-default\">Conoce ELB Servicios<\/span>\t\t\t\t<\/div>\n\t\t\t\t<\/div>\n\t\t<div class=\"elementor-element elementor-element-3d423c1b e-con-full e-flex e-con e-child\" data-id=\"3d423c1b\" data-element_type=\"container\" data-e-type=\"container\" data-settings=\"{&quot;background_background&quot;:&quot;classic&quot;}\">\n\t\t\t\t<\/div>\n\t\t\t\t<\/div>\n\t\t<div class=\"elementor-element elementor-element-6d796fa4 e-con-full e-flex e-con e-parent\" data-id=\"6d796fa4\" data-element_type=\"container\" data-e-type=\"container\">\n\t\t<div class=\"elementor-element elementor-element-120bfebc e-con-full e-flex e-con e-child\" data-id=\"120bfebc\" data-element_type=\"container\" data-e-type=\"container\" data-settings=\"{&quot;background_background&quot;:&quot;classic&quot;}\">\n\t\t\t\t<\/div>\n\t\t<div class=\"elementor-element elementor-element-358ca1a6 e-con-full e-flex e-con e-child\" data-id=\"358ca1a6\" data-element_type=\"container\" data-e-type=\"container\">\n\t\t\t\t<div class=\"elementor-element elementor-element-f555ea7 elementor-widget elementor-widget-heading\" data-id=\"f555ea7\" data-element_type=\"widget\" data-e-type=\"widget\" data-widget_type=\"heading.default\">\n\t\t\t\t\t<h2 class=\"elementor-heading-title elementor-size-default\">Nuestra Historia<\/h2>\t\t\t\t<\/div>\n\t\t\t\t<div class=\"elementor-element elementor-element-65dd65ce elementor-widget elementor-widget-text-editor\" data-id=\"65dd65ce\" data-element_type=\"widget\" data-e-type=\"widget\" data-widget_type=\"text-editor.default\">\n\t\t\t\t\t\t\t\t\t<p>ELB Servicios naci\u00f3 con la visi\u00f3n de ofrecer soluciones integrales que combinen <strong data-start=\"1890\" data-end=\"1945\">tecnolog\u00eda, construcci\u00f3n y capacitaci\u00f3n profesional<\/strong>. A lo largo de los a\u00f1os, hemos crecido, diversificando nuestros servicios para satisfacer las necesidades de nuestros clientes en distintos sectores, manteniendo siempre <strong data-start=\"2116\" data-end=\"2151\">calidad, innovaci\u00f3n y seguridad<\/strong>.<\/p>\t\t\t\t\t\t\t\t<\/div>\n\t\t\t\t<\/div>\n\t\t\t\t<\/div>\n\t\t<div class=\"elementor-element elementor-element-1f7a8d9f e-con-full e-flex e-con e-parent\" data-id=\"1f7a8d9f\" data-element_type=\"container\" data-e-type=\"container\">\n\t\t\t\t<div class=\"elementor-element elementor-element-197f8eca elementor-widget elementor-widget-heading\" data-id=\"197f8eca\" data-element_type=\"widget\" data-e-type=\"widget\" data-widget_type=\"heading.default\">\n\t\t\t\t\t<span class=\"elementor-heading-title elementor-size-default\">Nuestros profesionales e instructores<\/span>\t\t\t\t<\/div>\n\t\t<div class=\"elementor-element elementor-element-146f7095 e-con-full e-flex e-con e-child\" data-id=\"146f7095\" data-element_type=\"container\" data-e-type=\"container\">\n\t\t\t\t<div class=\"elementor-element elementor-element-15ae3bcd elementor-widget-tablet__width-initial elementor-widget-mobile__width-inherit elementor-position-top elementor-widget elementor-widget-image-box\" data-id=\"15ae3bcd\" data-element_type=\"widget\" data-e-type=\"widget\" data-widget_type=\"image-box.default\">\n\t\t\t\t\t<div class=\"elementor-image-box-wrapper\"><figure class=\"elementor-image-box-img\"><img fetchpriority=\"high\" decoding=\"async\" width=\"640\" height=\"640\" src=\"https:\/\/elbservicios.com.bo\/wp-content\/uploads\/2025\/11\/IMG-20171204-WA0084.jpg\" class=\"elementor-animation-sink attachment-full size-full wp-image-197\" alt=\"\" srcset=\"https:\/\/elbservicios.com.bo\/wp-content\/uploads\/2025\/11\/IMG-20171204-WA0084.jpg 640w, https:\/\/elbservicios.com.bo\/wp-content\/uploads\/2025\/11\/IMG-20171204-WA0084-300x300.jpg 300w, https:\/\/elbservicios.com.bo\/wp-content\/uploads\/2025\/11\/IMG-20171204-WA0084-150x150.jpg 150w\" sizes=\"(max-width: 640px) 100vw, 640px\" \/><\/figure><div class=\"elementor-image-box-content\"><h3 class=\"elementor-image-box-title\">Orlando Lopez Bravo<\/h3><p class=\"elementor-image-box-description\">T\u00e9cnico instalador Certificado\n<\/p><\/div><\/div>\t\t\t\t<\/div>\n\t\t\t\t<div class=\"elementor-element elementor-element-6230e63d elementor-widget-tablet__width-initial elementor-widget-mobile__width-inherit elementor-widget__width-initial elementor-position-top elementor-widget elementor-widget-image-box\" data-id=\"6230e63d\" data-element_type=\"widget\" data-e-type=\"widget\" data-widget_type=\"image-box.default\">\n\t\t\t\t\t<div class=\"elementor-image-box-wrapper\"><figure class=\"elementor-image-box-img\"><img decoding=\"async\" width=\"349\" height=\"344\" src=\"https:\/\/elbservicios.com.bo\/wp-content\/uploads\/2025\/11\/wilma.jpg\" class=\"elementor-animation-sink attachment-full size-full wp-image-204\" alt=\"\" srcset=\"https:\/\/elbservicios.com.bo\/wp-content\/uploads\/2025\/11\/wilma.jpg 349w, https:\/\/elbservicios.com.bo\/wp-content\/uploads\/2025\/11\/wilma-300x296.jpg 300w\" sizes=\"(max-width: 349px) 100vw, 349px\" \/><\/figure><div class=\"elementor-image-box-content\"><h3 class=\"elementor-image-box-title\">Wilma A. Chambi<\/h3><p class=\"elementor-image-box-description\">Master en Educaci\u00f3n<\/p><\/div><\/div>\t\t\t\t<\/div>\n\t\t\t\t<div class=\"elementor-element elementor-element-37a88672 elementor-widget-tablet__width-initial elementor-widget-mobile__width-inherit elementor-position-top elementor-widget elementor-widget-image-box\" data-id=\"37a88672\" data-element_type=\"widget\" data-e-type=\"widget\" data-widget_type=\"image-box.default\">\n\t\t\t\t\t<div class=\"elementor-image-box-wrapper\"><figure class=\"elementor-image-box-img\"><img decoding=\"async\" width=\"349\" height=\"350\" src=\"https:\/\/elbservicios.com.bo\/wp-content\/uploads\/2025\/11\/erwin1.jpg\" class=\"elementor-animation-sink attachment-full size-full wp-image-202\" alt=\"\" srcset=\"https:\/\/elbservicios.com.bo\/wp-content\/uploads\/2025\/11\/erwin1.jpg 349w, https:\/\/elbservicios.com.bo\/wp-content\/uploads\/2025\/11\/erwin1-300x300.jpg 300w, https:\/\/elbservicios.com.bo\/wp-content\/uploads\/2025\/11\/erwin1-150x150.jpg 150w\" sizes=\"(max-width: 349px) 100vw, 349px\" \/><\/figure><div class=\"elementor-image-box-content\"><h3 class=\"elementor-image-box-title\">Erwin L\u00f3pez Bravo<\/h3><p class=\"elementor-image-box-description\">Ingeniero en Sistemas<\/p><\/div><\/div>\t\t\t\t<\/div>\n\t\t\t\t<div class=\"elementor-element elementor-element-35b6758f elementor-widget-tablet__width-initial elementor-widget-mobile__width-inherit elementor-position-top elementor-widget elementor-widget-image-box\" data-id=\"35b6758f\" data-element_type=\"widget\" data-e-type=\"widget\" data-widget_type=\"image-box.default\">\n\t\t\t\t\t<div class=\"elementor-image-box-wrapper\"><figure class=\"elementor-image-box-img\"><img loading=\"lazy\" decoding=\"async\" width=\"327\" height=\"293\" src=\"https:\/\/elbservicios.com.bo\/wp-content\/uploads\/2025\/11\/AboutPage-Instructors_4.jpg\" class=\"elementor-animation-sink attachment-full size-full wp-image-46\" alt=\"\" srcset=\"https:\/\/elbservicios.com.bo\/wp-content\/uploads\/2025\/11\/AboutPage-Instructors_4.jpg 327w, https:\/\/elbservicios.com.bo\/wp-content\/uploads\/2025\/11\/AboutPage-Instructors_4-300x269.jpg 300w\" sizes=\"(max-width: 327px) 100vw, 327px\" \/><\/figure><div class=\"elementor-image-box-content\"><h3 class=\"elementor-image-box-title\">Storm Wills<\/h3><p class=\"elementor-image-box-description\">Instructora<\/p><\/div><\/div>\t\t\t\t<\/div>\n\t\t\t\t<\/div>\n\t\t\t\t<\/div>\n\t\t<div class=\"elementor-element elementor-element-69340c3b e-flex e-con-boxed e-con e-parent\" data-id=\"69340c3b\" data-element_type=\"container\" data-e-type=\"container\">\n\t\t\t\t\t<div class=\"e-con-inner\">\n\t\t\t\t<div class=\"elementor-element elementor-element-4711d607 elementor-widget-divider--view-line elementor-widget elementor-widget-divider\" data-id=\"4711d607\" data-element_type=\"widget\" data-e-type=\"widget\" data-widget_type=\"divider.default\">\n\t\t\t\t\t\t\t<div class=\"elementor-divider\">\n\t\t\t<span class=\"elementor-divider-separator\">\n\t\t\t\t\t\t<\/span>\n\t\t<\/div>\n\t\t\t\t\t\t<\/div>\n\t\t\t\t<div class=\"elementor-element elementor-element-79477c55 elementor-widget elementor-widget-heading\" data-id=\"79477c55\" data-element_type=\"widget\" data-e-type=\"widget\" data-widget_type=\"heading.default\">\n\t\t\t\t\t<h2 class=\"elementor-heading-title elementor-size-default\">\u201cMisi\u00f3n, Visi\u00f3n y Valores\u201d\n<\/h2>\t\t\t\t<\/div>\n\t\t\t\t<div class=\"elementor-element elementor-element-a4c3e5c elementor-invisible elementor-widget elementor-widget-text-editor\" data-id=\"a4c3e5c\" data-element_type=\"widget\" data-e-type=\"widget\" data-settings=\"{&quot;_animation&quot;:&quot;fadeIn&quot;}\" data-widget_type=\"text-editor.default\">\n\t\t\t\t\t\t\t\t\t<p data-start=\"2975\" data-end=\"3155\"><strong data-start=\"2975\" data-end=\"2986\">Misi\u00f3n:<\/strong> Brindar soluciones integrales y confiables que optimicen los proyectos de nuestros clientes, garantizando eficiencia, seguridad y calidad en todos nuestros servicios.<\/p><p data-start=\"2975\" data-end=\"3155\"><strong style=\"font-family: inherit; font-size: inherit; font-style: inherit; font-variant-ligatures: inherit; font-variant-caps: inherit;\" data-start=\"3158\" data-end=\"3169\">Visi\u00f3n:<\/strong><span style=\"font-family: inherit; font-size: inherit; font-style: inherit; font-variant-ligatures: inherit; font-variant-caps: inherit; font-weight: inherit;\"> Ser la empresa l\u00edder en Bolivia en soluciones integrales, destacando por innovaci\u00f3n, confiabilidad y capacitaci\u00f3n profesional.<\/span><\/p><p data-start=\"2975\" data-end=\"3155\"><strong data-start=\"3301\" data-end=\"3313\">Valores: <\/strong>Calidad, Innovaci\u00f3n, Confianza, Seguridad, Compromiso<\/p>\t\t\t\t\t\t\t\t<\/div>\n\t\t\t\t\t<\/div>\n\t\t\t\t<\/div>\n\t\t<div class=\"elementor-element elementor-element-46b5651b e-con-full e-flex e-con e-parent\" data-id=\"46b5651b\" data-element_type=\"container\" data-e-type=\"container\" data-settings=\"{&quot;background_background&quot;:&quot;classic&quot;}\">\n\t\t<div class=\"elementor-element elementor-element-60f665f1 e-con-full e-flex e-con e-child\" data-id=\"60f665f1\" data-element_type=\"container\" data-e-type=\"container\">\n\t\t\t\t<div class=\"elementor-element elementor-element-1395ee38 elementor-position-left elementor-vertical-align-middle elementor-widget elementor-widget-image-box\" data-id=\"1395ee38\" data-element_type=\"widget\" data-e-type=\"widget\" data-widget_type=\"image-box.default\">\n\t\t\t\t\t<div class=\"elementor-image-box-wrapper\"><figure class=\"elementor-image-box-img\"><img loading=\"lazy\" decoding=\"async\" width=\"207\" height=\"185\" src=\"https:\/\/elbservicios.com.bo\/wp-content\/uploads\/2025\/11\/AboutPage-Testimonials_1.jpg\" class=\"attachment-full size-full wp-image-47\" alt=\"\" \/><\/figure><div class=\"elementor-image-box-content\"><p class=\"elementor-image-box-title\">\u201cMuy buen servicios se los recomiendo\u201d<\/p><p class=\"elementor-image-box-description\">Vidal Sanchez<\/p><\/div><\/div>\t\t\t\t<\/div>\n\t\t\t\t<div class=\"elementor-element elementor-element-6ca5f40c elementor-position-left elementor-vertical-align-middle elementor-widget elementor-widget-image-box\" data-id=\"6ca5f40c\" data-element_type=\"widget\" data-e-type=\"widget\" data-widget_type=\"image-box.default\">\n\t\t\t\t\t<div class=\"elementor-image-box-wrapper\"><figure class=\"elementor-image-box-img\"><img loading=\"lazy\" decoding=\"async\" width=\"207\" height=\"185\" src=\"https:\/\/elbservicios.com.bo\/wp-content\/uploads\/2025\/11\/AboutPage-Testimonials_2.jpg\" class=\"attachment-full size-full wp-image-48\" alt=\"\" \/><\/figure><div class=\"elementor-image-box-content\"><p class=\"elementor-image-box-title\">\u201cGracias tuve un buen servicio..\u201d<\/p><p class=\"elementor-image-box-description\">Mary D. Hall<\/p><\/div><\/div>\t\t\t\t<\/div>\n\t\t\t\t<\/div>\n\t\t\t\t<div class=\"elementor-element elementor-element-2e2a5b04 elementor-invisible elementor-widget elementor-widget-heading\" data-id=\"2e2a5b04\" data-element_type=\"widget\" data-e-type=\"widget\" data-settings=\"{&quot;_animation&quot;:&quot;fadeInUp&quot;}\" data-widget_type=\"heading.default\">\n\t\t\t\t\t<span class=\"elementor-heading-title elementor-size-default\">#eramiclove<\/span>\t\t\t\t<\/div>\n\t\t\t\t<\/div>\n\t\t\t\t<\/div>\n\t\t","protected":false},"excerpt":{"rendered":"<p>En ELB Servicios brindamos soluciones integrales para hogares, empresas e industrias en Bolivia. Desde instalaciones de gas y aire acondicionado, hasta redes de datos, seguridad electr\u00f3nica, climatizaci\u00f3n y capacitaci\u00f3n profesional, nuestro objetivo es ofrecer calidad, seguridad y eficiencia en cada proyecto. Conoce ELB Servicios Nuestra Historia ELB Servicios naci\u00f3 con la visi\u00f3n de ofrecer soluciones [&hellip;]<\/p>\n","protected":false},"author":1,"featured_media":51,"parent":0,"menu_order":0,"comment_status":"closed","ping_status":"closed","template":"elementor_header_footer","meta":{"footnotes":""},"class_list":["post-40","page","type-page","status-publish","has-post-thumbnail","hentry"],"blocksy_meta":[],"_links":{"self":[{"href":"https:\/\/elbservicios.com.bo\/index.php\/wp-json\/wp\/v2\/pages\/40","targetHints":{"allow":["GET"]}}],"collection":[{"href":"https:\/\/elbservicios.com.bo\/index.php\/wp-json\/wp\/v2\/pages"}],"about":[{"href":"https:\/\/elbservicios.com.bo\/index.php\/wp-json\/wp\/v2\/types\/page"}],"author":[{"embeddable":true,"href":"https:\/\/elbservicios.com.bo\/index.php\/wp-json\/wp\/v2\/users\/1"}],"replies":[{"embeddable":true,"href":"https:\/\/elbservicios.com.bo\/index.php\/wp-json\/wp\/v2\/comments?post=40"}],"version-history":[{"count":10,"href":"https:\/\/elbservicios.com.bo\/index.php\/wp-json\/wp\/v2\/pages\/40\/revisions"}],"predecessor-version":[{"id":213,"href":"https:\/\/elbservicios.com.bo\/index.php\/wp-json\/wp\/v2\/pages\/40\/revisions\/213"}],"wp:featuredmedia":[{"embeddable":true,"href":"https:\/\/elbservicios.com.bo\/index.php\/wp-json\/wp\/v2\/media\/51"}],"wp:attachment":[{"href":"https:\/\/elbservicios.com.bo\/index.php\/wp-json\/wp\/v2\/media?parent=40"}],"curies":[{"name":"wp","href":"https:\/\/api.w.org\/{rel}","templated":true}]}}